{"id":272,"date":"2022-07-13T09:01:37","date_gmt":"2022-07-13T09:01:37","guid":{"rendered":"https:\/\/fermedesages.com\/?page_id=272"},"modified":"2022-07-13T21:22:58","modified_gmt":"2022-07-13T21:22:58","slug":"politique-de-confidentialite-2","status":"publish","type":"page","link":"https:\/\/fermedesages.com\/?page_id=272","title":{"rendered":"Politique de Confidentialit\u00e9"},"content":{"rendered":"\n<div>\n<h3 class=\"review-section\">Article 1 \u2013 D\u00e9finitions des termes utilis\u00e9s dans la charte<\/h3>\n<div>\n<p>On d\u00e9signera par la suite :<\/p>\n<ul>\n<li>\n<strong>\u00ab Donn\u00e9es personnelles \u00bb <\/strong>: se d\u00e9finit comme \u00ab<span> <\/span><em>toute information relative \u00e0 une personne physique identifi\u00e9e ou qui peut \u00eatre identifi\u00e9e, directement ou indirectement, par r\u00e9f\u00e9rence \u00e0 un num\u00e9ro d\u2019identification ou \u00e0 un ou plusieurs \u00e9l\u00e9ments qui lui sont propres<\/em><span> <\/span>\u00bb, conform\u00e9ment \u00e0 la loi Informatique et libert\u00e9s du 6 janvier 1978.<\/li>\n<li>\n<strong>\u00ab Site \u00bb<\/strong> ou <strong>\u00ab Service \u00bb<\/strong> : le site http:\/\/www.fermedesages.com et l\u2019ensemble de ses pages.<\/li>\n<li>\n<strong>\u00ab Editeur \u00bb<\/strong> : Ferme des Ages, personne morale ou physique responsable de l\u2019\u00e9dition et du contenu du Site.<\/li>\n<li>\n<strong>\u00ab Utilisateur \u00bb<\/strong> : l\u2019internaute visitant et utilisant les Services du Site.<\/li>\n<\/ul>\n<\/div>\n<\/div>\n<div>\n<h3 class=\"review-section\">Article 2 \u2013 Introduction et r\u00f4le de la charte<\/h3>\n<div>\n<p>La pr\u00e9sente charte vise \u00e0 vous informer des engagements du Site eu \u00e9gard au respect de votre vie priv\u00e9e et \u00e0 la protection des Donn\u00e9es personnelles vous concernant, collect\u00e9es et trait\u00e9es \u00e0 l\u2019occasion de votre utilisation du service.<\/p>\n<p>En vous inscrivant sur le Site, vous vous engagez \u00e0 nous fournir des informations v\u00e9ritables vous concernant. La communication de fausses informations est contraire aux conditions g\u00e9n\u00e9rales figurant sur le Site.<\/p>\n<p>Vous pouvez \u00e0 n\u2019importe quel moment faire une demande aupr\u00e8s de <span>Ferme des Ages<\/span> afin de savoir quelles informations vous concernant sont d\u00e9tenues par <span>Ferme des Ages<\/span>, de vous opposer \u00e0 leur traitement, de les faire modifier ou supprimer et ce, en contactant le directeur de publication \u00e0 l\u2019adresse<span> fermedesages@gmail.com<\/span><\/p>\n<\/div>\n<\/div>\n<div>\n<h3 class=\"review-section\">Article 3 \u2013 Donn\u00e9es collect\u00e9es sur le Site<\/h3>\n<div>\n<p>Les Donn\u00e9es collect\u00e9es et ult\u00e9rieurement trait\u00e9es par le Site sont celles que vous nous transmettez volontairement en remplissant les diff\u00e9rents formulaires pr\u00e9sents au sein du Site. Pour certaines op\u00e9rations sur les contenus, vous pourrez \u00eatre amen\u00e9s \u00e0 transmettre des Donn\u00e9es vous concernant \u00e0 des tiers partenaires au travers de leurs propres services, plus sp\u00e9cifiquement lors des paiements que vous pourrez effectuer. Nous ne disposerons pas desdites donn\u00e9es, leur collecte et leur traitement \u00e9tant r\u00e9gis par les conditions propres \u00e0 ces intervenants. Nous vous invitons \u00e0 consulter leurs conditions avant de communiquer vos Donn\u00e9es dans ce cadre.<\/p>\n<p>Votre adresse IP (num\u00e9ro d\u2019identification attribu\u00e9 sur Internet \u00e0 votre ordinateur) est collect\u00e9e automatiquement. Vous \u00eates inform\u00e9s que le service est susceptible de mettre en \u0153uvre un proc\u00e9d\u00e9 automatique de tra\u00e7age (Cookie), auquel vous pouvez faire obstacle en modifiant les param\u00e8tres concern\u00e9s de votre navigateur internet, comme expliqu\u00e9 dans les conditions g\u00e9n\u00e9rales du pr\u00e9sent Site.<\/p>\n<p>Les coordonn\u00e9es des Utilisateurs du Site qui se seront inscrits sur celui-ci seront sauvegard\u00e9es, dans le respect des dispositions de la loi informatique et libert\u00e9 du 6 janvier 1978. Conform\u00e9ment \u00e0 cette derni\u00e8re, ils disposent d\u2019un droit d\u2019acc\u00e8s, de retrait, de modification ou de rectification des Donn\u00e9es qu\u2019ils ont fournies. Pour cela, il leur suffit d\u2019en faire la demande \u00e0 l\u2019adresse \u00e9lectronique suivante :<span> fermedesages@gmail.com<\/span>, ou par courrier au EARL Ferme des Ages, Lieu-dit Les Ages, 24800 Thiviers.<\/p>\n<p>La collecte des Donn\u00e9es personnelles des Utilisateurs par l\u2019Editeur est en cours de d\u00e9claration aupr\u00e8s de l\u2019autorit\u00e9 fran\u00e7aise de protection des Donn\u00e9es personnelles (la Commission Nationale de l\u2019Informatique et des Libert\u00e9s \u2013 CNIL).<\/p>\n<\/div>\n<\/div>\n<div>\n<h3 class=\"review-section\">Article 4 \u2013 Finalit\u00e9s des Donn\u00e9es collect\u00e9es<\/h3>\n<div>\n<p>Les Donn\u00e9es identifi\u00e9es comme \u00e9tant obligatoires sur les formulaires du Site sont n\u00e9cessaires afin de pouvoir b\u00e9n\u00e9ficier des fonctionnalit\u00e9s correspondantes du Site, et plus sp\u00e9cifiquement des op\u00e9rations sur les contenus propos\u00e9s au sein de celui-ci.<\/p>\n<p>Le Site collecte et traite les Donn\u00e9es de ses Utilisateurs pour envoyer des mails, effectuer des statistiques de trafic et traiter les commandes sur le Site.<\/p>\n<\/div>\n<\/div>\n<div>\n<h3 class=\"review-section\">Article 5 \u2013 Destinataires et utilisation des Donn\u00e9es collect\u00e9es<\/h3>\n<div>\n<p>Les Donn\u00e9es collect\u00e9es par nos soins sont trait\u00e9es pour les besoins d\u2019ex\u00e9cution des op\u00e9rations sur les contenus du Service.<\/p>\n<p>Vous \u00eates susceptible de recevoir des courriers \u00e9lectroniques de notre Service, notamment dans le cadre de newsletters que vous avez accept\u00e9es. Vous pouvez demander \u00e0 ne plus recevoir ces courriers \u00e9lectroniques en nous contactant \u00e0 l\u2019adresse<span> fermedesages@gmail.com<\/span><span> <\/span>ou sur le lien pr\u00e9vu \u00e0 cet effet dans chacun des courriers \u00e9lectroniques qui vous seront adress\u00e9s.<\/p>\n<p>Pour certaines Donn\u00e9es uniquement, identifi\u00e9es au sein du formulaire correspondant, et sous r\u00e9serve de votre acceptation volontaire et active au travers dudit formulaire, vous acceptez que vos Donn\u00e9es soient transmises \u00e0 nos partenaires commerciaux \u00e0 des fins de marketing ou publicitaires. Nous vous informons qu\u2019une telle transmission \u00e0 des tiers exclut toutes les Donn\u00e9es bancaires vous concernant.<\/p>\n<p>Ces partenaires commerciaux peuvent vous envoyer par courrier \u00e9lectronique des informations dans le cadre d\u2019op\u00e9rations promotionnelles pr\u00e9cises et ponctuelles. Ces partenaires sont sp\u00e9cialement choisis par http:\/\/www.fermedesages.com en fonction de la qualit\u00e9 de leurs produits et services. Vous pouvez demander \u00e0 ne plus recevoir ces courriers \u00e9lectroniques \u00e0 tout moment en nous contactant \u00e0 l\u2019adresse<span> fermedesages@gmail.com<\/span><span> <\/span>ou sur le lien pr\u00e9vu \u00e0 cet effet et ins\u00e9r\u00e9 en pied de page de chacun des courriers \u00e9lectroniques qui vous seront adress\u00e9s.<\/p>\n<\/div>\n<\/div>\n<div>\n<h3 class=\"review-section\">Article 6 \u2013 S\u00e9curit\u00e9 des Donn\u00e9es<\/h3>\n<div>Vous \u00eates inform\u00e9s que vos Donn\u00e9es pourront \u00eatre divulgu\u00e9es en application d\u2019une loi, d\u2019un r\u00e8glement ou en vertu d\u2019une d\u00e9cision d\u2019une autorit\u00e9 r\u00e9glementaire ou judiciaire comp\u00e9tente ou encore, si cela s\u2019av\u00e8re n\u00e9cessaire, aux fins, pour l\u2019Editeur, de pr\u00e9server ses droits et int\u00e9r\u00eats.<\/div>\n<div><\/div>\n<\/div>\n<div>\n<h3 class=\"review-section\">Article 7 \u2013 Dur\u00e9e de conservation des Donn\u00e9es<\/h3>\n<div>\n<p>Les Donn\u00e9es sont stock\u00e9es chez l\u2019h\u00e9bergeur du site, dont les coordonn\u00e9es figurent dans les mentions l\u00e9gales du Site, et sont conserv\u00e9es pour la dur\u00e9e strictement n\u00e9cessaire \u00e0 la r\u00e9alisation des finalit\u00e9s vis\u00e9es ci-avant. Au-del\u00e0 de cette dur\u00e9e, elles seront conserv\u00e9es \u00e0 des fins exclusivement statistiques et ne donneront lieu \u00e0 aucune exploitation, de quelque nature que ce soit.<\/p>\n<p> <\/p>\n<\/div>\n<\/div>\n<p><strong>Tous droits r\u00e9serv\u00e9s \u2013 13 juillet 2022<\/strong><\/p>\n","protected":false},"excerpt":{"rendered":"<p>Article 1 \u2013 D\u00e9finitions des termes utilis\u00e9s dans la charte On d\u00e9signera par la suite : \u00ab Donn\u00e9es personnelles \u00bb : se d\u00e9finit comme \u00ab toute information relative \u00e0 une personne physique identifi\u00e9e ou qui peut \u00eatre identifi\u00e9e, directement ou indirectement, par r\u00e9f\u00e9rence \u00e0 un num\u00e9ro d\u2019identification ou \u00e0 un ou plusieurs \u00e9l\u00e9ments qui lui<\/p>\n<div class=\"more-link\">\n\t\t\t\t <a href=\"https:\/\/fermedesages.com\/?page_id=272\" class=\"btn theme-btn inverted\"><span>Read More <\/span><\/a>\n\t\t\t<\/div>\n","protected":false},"author":1,"featured_media":0,"parent":0,"menu_order":0,"comment_status":"closed","ping_status":"closed","template":"","meta":{"om_disable_all_campaigns":false,"_monsterinsights_skip_tracking":false,"_monsterinsights_sitenote_active":false,"_monsterinsights_sitenote_note":"","_monsterinsights_sitenote_category":0,"footnotes":""},"class_list":["post-272","page","type-page","status-publish","hentry"],"yoast_head":"<!-- This site is optimized with the Yoast SEO plugin v27.4 - https:\/\/yoast.com\/product\/yoast-seo-wordpress\/ -->\n<title>Politique de Confidentialit\u00e9 - EARL Ferme Des Ages<\/title>\n<meta name=\"robots\" content=\"index, follow, max-snippet:-1, max-image-preview:large, max-video-preview:-1\" \/>\n<link rel=\"canonical\" href=\"https:\/\/fermedesages.com\/?page_id=272\" \/>\n<meta property=\"og:locale\" content=\"fr_FR\" \/>\n<meta property=\"og:type\" content=\"article\" \/>\n<meta property=\"og:title\" content=\"Politique de Confidentialit\u00e9 - EARL Ferme Des Ages\" \/>\n<meta property=\"og:description\" content=\"Article 1 \u2013 D\u00e9finitions des termes utilis\u00e9s dans la charte On d\u00e9signera par la suite : \u00ab Donn\u00e9es personnelles \u00bb : se d\u00e9finit comme \u00ab toute information relative \u00e0 une personne physique identifi\u00e9e ou qui peut \u00eatre identifi\u00e9e, directement ou indirectement, par r\u00e9f\u00e9rence \u00e0 un num\u00e9ro d\u2019identification ou \u00e0 un ou plusieurs \u00e9l\u00e9ments qui lui    Read More\" \/>\n<meta property=\"og:url\" content=\"https:\/\/fermedesages.com\/?page_id=272\" \/>\n<meta property=\"og:site_name\" content=\"EARL Ferme Des Ages\" \/>\n<meta property=\"article:modified_time\" content=\"2022-07-13T21:22:58+00:00\" \/>\n<meta name=\"twitter:card\" content=\"summary_large_image\" \/>\n<meta name=\"twitter:label1\" content=\"Dur\u00e9e de lecture estim\u00e9e\" \/>\n\t<meta name=\"twitter:data1\" content=\"5 minutes\" \/>\n<script type=\"application\/ld+json\" class=\"yoast-schema-graph\">{\"@context\":\"https:\\\/\\\/schema.org\",\"@graph\":[{\"@type\":\"WebPage\",\"@id\":\"https:\\\/\\\/fermedesages.com\\\/?page_id=272\",\"url\":\"https:\\\/\\\/fermedesages.com\\\/?page_id=272\",\"name\":\"Politique de Confidentialit\u00e9 - EARL Ferme Des Ages\",\"isPartOf\":{\"@id\":\"https:\\\/\\\/fermedesages.com\\\/#website\"},\"datePublished\":\"2022-07-13T09:01:37+00:00\",\"dateModified\":\"2022-07-13T21:22:58+00:00\",\"breadcrumb\":{\"@id\":\"https:\\\/\\\/fermedesages.com\\\/?page_id=272#breadcrumb\"},\"inLanguage\":\"fr-FR\",\"potentialAction\":[{\"@type\":\"ReadAction\",\"target\":[\"https:\\\/\\\/fermedesages.com\\\/?page_id=272\"]}]},{\"@type\":\"BreadcrumbList\",\"@id\":\"https:\\\/\\\/fermedesages.com\\\/?page_id=272#breadcrumb\",\"itemListElement\":[{\"@type\":\"ListItem\",\"position\":1,\"name\":\"Accueil\",\"item\":\"https:\\\/\\\/fermedesages.com\\\/\"},{\"@type\":\"ListItem\",\"position\":2,\"name\":\"Politique de Confidentialit\u00e9\"}]},{\"@type\":\"WebSite\",\"@id\":\"https:\\\/\\\/fermedesages.com\\\/#website\",\"url\":\"https:\\\/\\\/fermedesages.com\\\/\",\"name\":\"EARL Ferme Des Ages\",\"description\":\"Producteurs Bovins Viande, L\u00e9gumes plein champs et Noix BIO\",\"potentialAction\":[{\"@type\":\"SearchAction\",\"target\":{\"@type\":\"EntryPoint\",\"urlTemplate\":\"https:\\\/\\\/fermedesages.com\\\/?s={search_term_string}\"},\"query-input\":{\"@type\":\"PropertyValueSpecification\",\"valueRequired\":true,\"valueName\":\"search_term_string\"}}],\"inLanguage\":\"fr-FR\"}]}<\/script>\n<!-- \/ Yoast SEO plugin. -->","yoast_head_json":{"title":"Politique de Confidentialit\u00e9 - EARL Ferme Des Ages","robots":{"index":"index","follow":"follow","max-snippet":"max-snippet:-1","max-image-preview":"max-image-preview:large","max-video-preview":"max-video-preview:-1"},"canonical":"https:\/\/fermedesages.com\/?page_id=272","og_locale":"fr_FR","og_type":"article","og_title":"Politique de Confidentialit\u00e9 - EARL Ferme Des Ages","og_description":"Article 1 \u2013 D\u00e9finitions des termes utilis\u00e9s dans la charte On d\u00e9signera par la suite : \u00ab Donn\u00e9es personnelles \u00bb : se d\u00e9finit comme \u00ab toute information relative \u00e0 une personne physique identifi\u00e9e ou qui peut \u00eatre identifi\u00e9e, directement ou indirectement, par r\u00e9f\u00e9rence \u00e0 un num\u00e9ro d\u2019identification ou \u00e0 un ou plusieurs \u00e9l\u00e9ments qui lui    Read More","og_url":"https:\/\/fermedesages.com\/?page_id=272","og_site_name":"EARL Ferme Des Ages","article_modified_time":"2022-07-13T21:22:58+00:00","twitter_card":"summary_large_image","twitter_misc":{"Dur\u00e9e de lecture estim\u00e9e":"5 minutes"},"schema":{"@context":"https:\/\/schema.org","@graph":[{"@type":"WebPage","@id":"https:\/\/fermedesages.com\/?page_id=272","url":"https:\/\/fermedesages.com\/?page_id=272","name":"Politique de Confidentialit\u00e9 - EARL Ferme Des Ages","isPartOf":{"@id":"https:\/\/fermedesages.com\/#website"},"datePublished":"2022-07-13T09:01:37+00:00","dateModified":"2022-07-13T21:22:58+00:00","breadcrumb":{"@id":"https:\/\/fermedesages.com\/?page_id=272#breadcrumb"},"inLanguage":"fr-FR","potentialAction":[{"@type":"ReadAction","target":["https:\/\/fermedesages.com\/?page_id=272"]}]},{"@type":"BreadcrumbList","@id":"https:\/\/fermedesages.com\/?page_id=272#breadcrumb","itemListElement":[{"@type":"ListItem","position":1,"name":"Accueil","item":"https:\/\/fermedesages.com\/"},{"@type":"ListItem","position":2,"name":"Politique de Confidentialit\u00e9"}]},{"@type":"WebSite","@id":"https:\/\/fermedesages.com\/#website","url":"https:\/\/fermedesages.com\/","name":"EARL Ferme Des Ages","description":"Producteurs Bovins Viande, L\u00e9gumes plein champs et Noix BIO","potentialAction":[{"@type":"SearchAction","target":{"@type":"EntryPoint","urlTemplate":"https:\/\/fermedesages.com\/?s={search_term_string}"},"query-input":{"@type":"PropertyValueSpecification","valueRequired":true,"valueName":"search_term_string"}}],"inLanguage":"fr-FR"}]}},"jetpack_sharing_enabled":true,"_links":{"self":[{"href":"https:\/\/fermedesages.com\/index.php?rest_route=\/wp\/v2\/pages\/272","targetHints":{"allow":["GET"]}}],"collection":[{"href":"https:\/\/fermedesages.com\/index.php?rest_route=\/wp\/v2\/pages"}],"about":[{"href":"https:\/\/fermedesages.com\/index.php?rest_route=\/wp\/v2\/types\/page"}],"author":[{"embeddable":true,"href":"https:\/\/fermedesages.com\/index.php?rest_route=\/wp\/v2\/users\/1"}],"replies":[{"embeddable":true,"href":"https:\/\/fermedesages.com\/index.php?rest_route=%2Fwp%2Fv2%2Fcomments&post=272"}],"version-history":[{"count":3,"href":"https:\/\/fermedesages.com\/index.php?rest_route=\/wp\/v2\/pages\/272\/revisions"}],"predecessor-version":[{"id":277,"href":"https:\/\/fermedesages.com\/index.php?rest_route=\/wp\/v2\/pages\/272\/revisions\/277"}],"wp:attachment":[{"href":"https:\/\/fermedesages.com\/index.php?rest_route=%2Fwp%2Fv2%2Fmedia&parent=272"}],"curies":[{"name":"wp","href":"https:\/\/api.w.org\/{rel}","templated":true}]}}